ctor of 7622155 and 55?
5
Calculate the greatest common divisor of 5287662 and 1482.
114
Calculate the greatest common factor of 33 and 2016487913.
11
Calculate the greatest common divisor of 29396914 and 76.
38
What is the greatest common divisor of 4015281 and 3144?
393
Calculate the greatest common divisor of 1832 and 51192.
8
What is the greatest common divisor of 125673544 and 24?
8
Calculate the highest common factor of 133460 and 5300.
20
Calculate the highest common factor of 4029696 and 162.
54
Calculate the highest common divisor of 25742517 and 609.
87
Calculate the highest common factor of 563669 and 26469.
17
What is the greatest common factor of 23598 and 181424?
46
Calculate the highest common divisor of 109675165 and 655.
655
Calculate the greatest common divisor of 150744 and 1902.
6
What is the highest common factor of 2857155 and 1995?
105
What is the greatest common factor of 384841935 and 243?
81
Calculate the greatest common divisor of 36811244 and 3561.
1187
What is the greatest common divisor of 275580 and 810?
90
Calculate the greatest common divisor of 99041104 and 16.
16
What is the greatest common factor of 282361 and 1366385?
757
Calculate the greatest common divisor of 810 and 6602490.
90
Calculate the greatest common divisor of 162951079 and 623.
89
What is the highest common factor of 227 and 13491518?
227
Calculate the greatest common divisor of 3116758 and 2414.
142
What is the greatest common divisor of 13598 and 351161551?
6799
Calculate the greatest common divisor of 9117 and 30927903.
3039
What is the greatest common divisor of 6 and 8566071?
3
What is the highest common divisor of 23094110 and 650?
130
Calculate the highest common factor of 12692912 and 817.
817
Calculate the greatest common factor of 288 and 4041664.
32
What is the greatest common divisor of 6137488 and 896?
112
What is the highest common divisor of 4710320 and 560?
80
Calculate the highest common factor of 12592 and 8917497.
787
What is the greatest common factor of 8773448 and 916?
916
What is the greatest common factor of 145812800 and 188?
188
What is the highest common factor of 16 and 20053208?
8
What is the highest common factor of 60583818 and 129?
129
What is the greatest common factor of 1374 and 3001503?
687
What is the highest common divisor of 187 and 6553143?
17
Calculate the greatest common factor of 59784813 and 127193.
4103
Calculate the greatest common factor of 1601554 and 851498.
3074
What is the greatest common factor of 131715399 and 1695?
339
Calculate the greatest common factor of 694 and 16096983.
347
Calculate the highest common factor of 117 and 4949982.
9
Calculate the highest common factor of 4927312 and 344.
8
Calculate the greatest common divisor of 6960 and 3881505.
435
What is the highest common divisor of 18 and 2025337482?
18
Calculate the greatest common divisor of 78470 and 2348318.
826
Calculate the greatest common factor of 65 and 29580616.
13
What is the highest common factor of 51519958 and 157766?
2674
Calculate the highest common divisor of 4593388 and 8.
4
Calculate the greatest common divisor of 324280057 and 93.
31
Calculate the highest common divisor of 3612 and 133349880.
516
Calculate the highest common factor of 295 and 804207052.
59
What is the greatest common factor of 2835 and 2843833860?
2835
What is the greatest common divisor of 540 and 2361852?
108
What is the highest common divisor of 360 and 3239436?
12
Calculate the greatest common divisor of 2478 and 14192745.
1239
Calculate the highest common factor of 1422164370 and 53.
53
Calculate the greatest common factor of 14982 and 37552837.
227
Calculate the highest common factor of 2876202 and 52542.
378
What is the greatest common factor of 3267 and 217782?
27
Calculate the greatest common divisor of 817 and 256937.
19
What is the highest common divisor of 6563452 and 155036?
196
Calculate the greatest common divisor of 4343 and 1774739.
43
Calculate the greatest common factor of 8019 and 1644368.
11
What is the greatest common divisor of 66 and 192618591?
33
Calculate the greatest common divisor of 3832 and 149507396.
1916
Calculate the highest common divisor of 47263875 and 1125.
375
What is the highest common factor of 10578341 and 327?
109
What is the greatest common divisor of 4610382 and 630?
42
What is the highest common divisor of 1729353 and 10280?
257
What is the highest common divisor of 889 and 3860773?
7
What is the greatest common divisor of 84 and 11856558?
42
Calculate the greatest common factor of 3024 and 21206556.
756
What is the greatest common factor of 166 and 143878?
2
What is the greatest common factor of 113312 and 18533594?
7082
What is the greatest common factor of 95792356 and 3410?
682
Calculate the greatest common divisor of 22735579 and 9112.
1139
Calculate the highest common divisor of 41907886 and 1978.
1978
What is the greatest common divisor of 25029924 and 413?
59
What is the greatest common factor of 199172 and 32930428?
1972
Calculate the highest common divisor of 50118892 and 492.
164
What is the highest common divisor of 2227 and 7986677?
131
What is the highest common factor of 1148 and 62160?
28
Calculate the highest common factor of 10850 and 46775.
25
Calculate the greatest common factor of 52985912 and 504.
56
Calculate the greatest common divisor of 2052732 and 8844.
132
What is the greatest common divisor of 12025 and 10790?
65
What is the highest common factor of 510435 and 37335?
285
Calculate the highest common factor of 193070 and 3590.
10
Calculate the highest common divisor of 61908176 and 352.
176
Calculate the greatest common factor of 228 and 247404.
12
What is the highest common factor of 40932 and 588384?
108
What is the highest common divisor of 32 and 5098936?
8
Calculate the highest common factor of 4934 and 1394.
2
Calculate the greatest common divisor of 30 and 3780464565.
15
Calculate the greatest common divisor of 308 and 7925498.
14
Calculate the highest common divisor of 1 and 5097636.
1
Calculate the greatest common divisor of 33267 and 17869497.
2559
What is the highest common divisor of 10054772 and 37231?
1201
Calculate the greatest common factor of 112131 and 4780103.
4153
What is the highest common divisor of 750 and 16540995?
15
What is the greatest common divisor of 415224 and 1944?
72
Calculate the highest common factor of 6418 and 19526765.
3209
What is the highest common divisor of 238 and 180726014?
238
What is the highest common factor of 3325338 and 42957?
333
Calculate the highest common factor of 3751436 and 416.
52
Calculate the greatest common factor of 11830045 and 1445.
85
What is the greatest common factor of 1039664 and 1344?
16
Calculate the highest common divisor of 18513 and 29682.
153
What is the highest common factor of 531 and 1398022287?
177
What is the greatest common factor of 90154920 and 110?
10
Calculate the highest common divisor of 9579 and 41466.
3
What is the highest common factor of 60 and 9622380?
60
Calculate the greatest common divisor of 1709 and 109376.
1709
What is the highest common divisor of 16810 and 4893760?
410
What is the highest common factor of 930 and 159010?
10
Calculate the greatest common divisor of 4520 and 10905.
5
What is the highest common divisor of 34638583 and 7?
7
What is the greatest common factor of 6480 and 528720?
240
Calculate the greatest common divisor of 7370627 and 1735.
347
What is the greatest common divisor of 23141 and 16471954?
317
What is the highest common factor of 85815 and 10440?
45
Calculate the highest common factor of 532944 and 45662938.
7402
Calculate the highest common divisor of 341 and 3689345.
11
Calculate the highest common divisor of 19368908 and 70226.
962
Calculate the greatest common factor of 19219207 and 109.
109
What is the highest common factor of 10300 and 334000?
100
What is the highest common divisor of 476 and 62228?
4
Calculate the highest common factor of 122988 and 96792.
444
Calculate the highest common divisor of 23436034 and 23.
23
What is the greatest common divisor of 116197 and 199575?
887
What is the greatest common divisor of 180972 and 1291752?
396
What is the highest common divisor of 564 and 13568?
4
What is the greatest common divisor of 2423